 + 3?
-17
In base 2, what is 1 - 11001?
-11000
In base 3, what is -2122 + 20?
-2102
In base 12, what is -b - 17?
-26
In base 15, what is 0 + 60?
60
In base 14, what is a + 58?
64
In base 11, what is 460 + 5?
465
In base 2, what is 100 + -1000011?
-111111
In base 5, what is 0 - -4414?
4414
In base 2, what is 110000 + -11010010?
-10100010
In base 5, what is 32422 - 1?
32421
In base 9, what is -118 - -5?
-113
In base 4, what is 3 + -130103?
-130100
In base 3, what is -1 + 21112?
21111
In base 8, what is -7 - -5366?
5357
In base 12, what is 8 + 53?
5b
In base 15, what is -70 + 4?
-6b
In base 10, what is -8 - 1141?
-1149
In base 13, what is -240 + 2c?
-211
In base 9, what is -32318 - -4?
-32314
In base 7, what is -2 + -324?
-326
In base 15, what is 3 + 1c4e?
1c52
In base 15, what is -2ac5 - -3?
-2ac2
In base 10, what is 89 + 0?
89
In base 10, what is 115 - 46?
69
In base 12, what is 28 - 0?
28
In base 12, what is 4 + 18?
20
In base 16, what is -6b - -ab?
40
In base 13, what is -2 + 12a?
128
In base 5, what is 4121 - 4?
4112
In base 2, what is -10111101 - -110?
-10110111
In base 6, what is 51 - 5?
42
In base 8, what is 0 - -54?
54
In base 9, what is -10 + 512?
502
In base 15, what is -b - 14?
-20
In base 7, what is 4 - 2246?
-2242
In base 6, what is -501 - -11?
-450
In base 16, what is 2 - -2e?
30
In base 10, what is -11 - 16?
-27
In base 3, what is 1111 - 0?
1111
In base 5, what is 1412 - -3?
1420
In base 16, what is -6f4 + -1?
-6f5
In base 14, what is 450 + -5?
449
In base 2, what is -100001011110 - 11?
-100001100001
In base 7, what is -1 + -32266?
-32300
In base 6, what is -5205 + 4?
-5201
In base 11, what is -4 + 389?
385
In base 2, what is -110 + -1000010111?
-1000011101
In base 15, what is 2 + -3?
-1
In base 9, what is -365 - 3?
-368
In base 4, what is -1131 + 23?
-1102
In base 5, what is 141114 + 4?
141123
In base 6, what is 31 + 1152?
1223
In base 7, what is 0 - -11?
11
In base 7, what is -64 + 10?
-54
In base 5, what is 104110 + -2?
104103
In base 15, what is -5 + -3c?
-42
In base 16, what is -1 + -4?
-5
In base 14, what is 52 + -37?
19
In base 14, what is 4 - 39?
-35
In base 4, what is 131 + -11?
120
In base 10, what is -3 + -53?
-56
In base 6, what is 4 + 20155?
20203
In base 4, what is 0 + 2033?
2033
In base 8, what is -44 - 2?
-46
In base 8, what is 46 + -103?
-35
In base 7, what is 3 + 35?
41
In base 11, what is -4 - -36?
32
In base 6, what is 35 - 22?
13
In base 11, what is -12 - 550?
-562
In base 11, what is -3552 - -1?
-3551
In base 16, what is -39 - -1f?
-1a
In base 13, what is -579 - 18?
-594
In base 11, what is -276 - -2?
-274
In base 13, what is 1025 - -1?
1026
In base 6, what is -301 - -21?
-240
In base 8, what is 33 - 146?
-113
In base 3, what is -22 - 1002?
-1101
In base 14, what is -47a - -4?
-476
In base 15, what is 7 + -15?
-d
In base 6, what is 120 - -53?
213
In base 7, what is -11 - -33?
22
In base 4, what is 10 + -231?
-221
In base 12, what is -1a + 9a?
80
In base 12, what is -15a - -3?
-157
In base 11, what is 3 + -53?
-50
In base 9, what is 8 + 23?
32
In base 10, what is 2 - -1849?
1851
In base 5, what is -202 + 0?
-202
In base 5, what is 21 - -211?
232
In base 5, what is -101 - -4001?
3400
In base 6, what is -3 + 2244?
2241
In base 9, what is 56 - 28?
27
In base 14, what is -56 - 6?
-5c
In base 10, what is -56 + 6?
-50
In base 8, what is -147 + -6?
-155
In base 13, what is -507 - -4?
-503
In base 8, what is 4442 + -3?
4437
In base 15, what is 4 - -1e1?
1e5
In base 10, what is -64 + 235?
171
In base 9, what is -44 + 384?
340
In base 4, what is 21020 + 131?
21211
In base 2, what is -11 - -110010?
101111
In base 14, what is -2 + -113d?
-1141
In base 9, what is -157 + 1?
-156
In base 13, what is -2145 - -4?
-2141
In base 2, what is 1111000100 + -101?
1110111111
In base 3, what is -1212 + -202?
-2121
In base 6, what is -1051 - 5?
-1100
In base 8, what is 2 + 3406?
3410
In base 13, what is -1 - 29?
-2a
In base 6, what is -44 - -3?
-41
In base 10, what is 8 + -418?
-410
In base 12, what is -5 + 26b?
266
In base 11, what is -4 - -731?
728
In base 2, what is -11 + 10?
-1
In base 11, what is a3 - -5?
a8
In base 12, what is -a5b - 5?
-a64
In base 2, what is -10101000 + -10010?
-10111010
In base 10, what is 18395 + 0?
18395
In base 6, what is -25 + 204?
135
In base 10, what is 387 - 2?
385
In base 6, what is 2 - -100?
102
In base 10, what is 1 - -6?
7
In base 4, what is 12003 - 11?
11332
In base 11, what is 29 + 64?
92
In base 7, what is 1544 + 14?
1561
In base 2, what is 10100010 + 1110111?
100011001
In base 15, what is 15 + -1dc?
-1c7
In base 12, what is 8 - -663?
66b
In base 5, what is 1 - -30?
31
In base 16, what is -42f - -3?
-42c
In base 14, what is -10c + 3?
-109
In base 9, what is 36 + 13?
50
In base 3, what is 1011 + -22?
212
In base 8, what is 1731 + -1?
1730
In base 12, what is b + -15?
-6
In base 7, what is -30455 - -2?
-30453
In base 16, what is -2d18 - 1?
-2d19
In base 12, what is 25 + -52?
-29
In base 4, what is 31 + -13122?
-13031
In base 6, what is -12 - 14?
-30
In base 15, what is -5 - -e?
9
In base 14, what is -60 - -4?
-5a
In base 8, what is -5 - -57?
52
In base 9, what is 6 + 1026?
1033
In base 11, what is -80 + 2?
-79
In base 11, what is -9 - 23?
-31
In base 14, what is -11 - b?
-1c
In base 4, what is -2320 - 1?
-2321
In base 11, what is 3 + -243?
-240
In base 7, what is 402 - 3?
366
In base 9, what is -142 + -26?
-168
In base 7, what is 33 - -2?
35
In base 3, what is -111122 + 11?
-111111
In base 16, what is 6 - 5d?
-57
In base 3, what is -10 - 120?
-200
In base 10, what is -2 + 52?
50
In base 10, what is 1552 + 4?
1556
In base 12, what is -ba1 - 4?
-ba5
In base 14, what is 310d - 3?
310a
In base 9, what is -4 + 66?
62
In base 15, what is -165 + 2?
-163
In base 11, what is -4 + 16?
12
In base 5, what is 3 - -331?
334
In base 14, what is -5 - -33?
2c
In base 7, what is -115 + -4?
-122
In base 14, what is -4 - d6?
-da
In base 16, what is 1ad + 1a?
1c7
In base 9, what is -7850 - 0?
-7850
In base 2, what is 10010010 + -1011110?
110100
In base 11, what is -25 - -160?
136
In base 10, what is -464 + -1?
-465
In base 13, what is -3 - 626?
-629
In base 8, what is -355 - -3?
-352
In base 4, what is 11 - -11?
22
In base 16, what is -1 + -130?
-131
In base 4, what is -3 - -113?
110
In base 2, what is -1100 - -1001111101?
1001110001
In base 7, what is -2 + 5223?
5221
In base 8, what is -1 - 115?
-116
In base 7, what is 1110 - 0?
1110
In base 14, what is -257 + -2?
-259
In base 7, what is 5 - -10553?
10561
In base 9, what is -17 - 202?
-220
In base 10, what is 594 - -5?
599
In base 16, what is ca + -3?
c7
In base 2, what is 0 - 101111100?
-101111100
In base 2, what is -1 - 11000011001?
-11000011010
In base 2, what is -100 + -1000110?
-1001010
In base 12, what is 289 + -3?
286
In base 6, what is -13 - -1445?
1432
In base 8, what is -44 - -11?
-33
In base 14, what is -1 - 12?
-13
In base 5, what is -1042 - -10?
-1032
In base 10, what is 39 + 24?
63
In base 4, what is 1300 - -3?
1303
In base 3, what is 10 - -110100?
110110
In base 8, what is 5 + 145?
152
In base 11, what is 4 - -243?
247
In base 3, what is -10100 + 1111?
-1212
In base 12, what is 76 - -5?
7b
In base 7, what is 2355 + -4?
2351
In base 9, what is 5 + 1223?
1228
In base 15, what is -1 - c?
-d
In base 13, what is b - b2?
-a4
In base 16, what is 2fc + -1?
2fb
In base 2, what is -1001 - -100100010?
100011001
In base 2, what is -10 + -11111101?
-11111111
In base 15, what is 0 + -30?
-30
In base 9, what is -1248 - -1?
-1247
In base 10, what is 2387 + 2?
2389
In base 5, what is -3 + 4331?
4323
In base 9, what is 4 - -1884?
1888
In base 7, what is -13 + 621?
605
In base 6, what is -135 + 1?
-134
In base 10, what is -1182 - 25?
-1207
In base 4, what is -2210 + -21?
-2231
In base 5, what is -2020 + 31?
-1434
In base 7, what is 2 - 45?
-43
In base 7, what is -3 - -141?
135
In base 5, what is 1 - 4043?
-4042
In base 5, what is -20201 + -14?
-20220
In base 3, what is 0 + -111102?
-111102
In base 9, what is 58 - 1?
57
In base 13, what is 5b3 - 3?
5b0
In base 10, what is -1064 + -5?
-1069
In base 8, what is -4 - 57?
-63
In base 14, what is -8 - -9?
1
In base 11, what is -2 + 712?
710
In base 9, what is 237 + -35?
202
In base 3, what is -22 - 221?
-1020
In base 4, what